{"id":255,"date":"2026-03-27T18:36:33","date_gmt":"2026-03-27T17:36:33","guid":{"rendered":"https:\/\/new.acromodeles44.fr\/?page_id=255"},"modified":"2026-04-07T18:28:48","modified_gmt":"2026-04-07T16:28:48","slug":"passage-brevet-a-et-qpd-d","status":"publish","type":"page","link":"https:\/\/new.acromodeles44.fr\/index.php\/passage-brevet-a-et-qpd-d\/","title":{"rendered":"Brevet A et QPDD du 18 avril 2026"},"content":{"rendered":"\n<p><em>Acc\u00e8s r\u00e9serv\u00e9 aux inscrits uniquement, non ouvert au grand public.<\/em><\/p>\n\n\n\n<figure class=\"wp-block-gallery aligncenter has-nested-images columns-default is-cropped wp-block-gallery-1 is-layout-flex wp-block-gallery-is-layout-flex\">\n<figure class=\"wp-block-image size-large\"><img loading=\"lazy\" decoding=\"async\" width=\"1024\" height=\"683\" data-id=\"645\" src=\"https:\/\/new.acromodeles44.fr\/wp-content\/uploads\/2026\/04\/Journee-de-qualification-en-aeromodelisme-1024x683.png\" alt=\"\" class=\"wp-image-645\" srcset=\"https:\/\/new.acromodeles44.fr\/wp-content\/uploads\/2026\/04\/Journee-de-qualification-en-aeromodelisme-1024x683.png 1024w, https:\/\/new.acromodeles44.fr\/wp-content\/uploads\/2026\/04\/Journee-de-qualification-en-aeromodelisme-300x200.png 300w, https:\/\/new.acromodeles44.fr\/wp-content\/uploads\/2026\/04\/Journee-de-qualification-en-aeromodelisme-768x512.png 768w, https:\/\/new.acromodeles44.fr\/wp-content\/uploads\/2026\/04\/Journee-de-qualification-en-aeromodelisme.png 1536w\" sizes=\"auto, (max-width: 1024px) 100vw, 1024px\" \/><\/figure>\n<\/figure>\n\n\n\n<div class=\"wp-block-buttons is-layout-flex wp-block-buttons-is-layout-flex\">\n<div class=\"wp-block-button is-style-fill\"><a class=\"wp-block-button__link has-text-align-center wp-element-button\" href=\"https:\/\/new.acromodeles44.fr\/index.php\/formulaire-brevet-a-qpd-d\/\">Inscription Session du 18 avril 2026<\/a><\/div>\n<\/div>\n\n\n\n<div class=\"wp-block-buttons is-layout-flex wp-block-buttons-is-layout-flex\">\n<div class=\"wp-block-button is-style-outline is-style-outline--2\"><a class=\"wp-block-button__link wp-element-button\" href=\"https:\/\/new.acromodeles44.fr\/\">Retour \u00e0 l\u2019accueil<\/a><\/div>\n<\/div>\n\n\n\n<p><\/p>\n\n\n\n<p><\/p>\n\n\n\n<p><\/p>\n\n\n\n<p class=\"has-small-font-size\">AcroMod\u00e8les44 lieu dit la Fournerie 44440 Teill\u00e9<\/p>\n\n\n\n<p><\/p>\n","protected":false},"excerpt":{"rendered":"<p>Acc\u00e8s r\u00e9serv\u00e9 aux inscrits uniquement, non ouvert au grand public. AcroMod\u00e8les44 lieu dit la Fournerie 44440 Teill\u00e9<\/p>\n","protected":false},"author":1,"featured_media":0,"parent":0,"menu_order":0,"comment_status":"closed","ping_status":"closed","template":"","meta":{"_bbp_topic_count":0,"_bbp_reply_count":0,"_bbp_total_topic_count":0,"_bbp_total_reply_count":0,"_bbp_voice_count":0,"_bbp_anonymous_reply_count":0,"_bbp_topic_count_hidden":0,"_bbp_reply_count_hidden":0,"_bbp_forum_subforum_count":0,"_EventAllDay":false,"_EventTimezone":"","_EventStartDate":"","_EventEndDate":"","_EventStartDateUTC":"","_EventEndDateUTC":"","_EventShowMap":false,"_EventShowMapLink":false,"_EventURL":"","_EventCost":"","_EventCostDescription":"","_EventCurrencySymbol":"","_EventCurrencyCode":"","_EventCurrencyPosition":"","_EventDateTimeSeparator":"","_EventTimeRangeSeparator":"","_EventOrganizerID":[],"_EventVenueID":[],"_OrganizerEmail":"","_OrganizerPhone":"","_OrganizerWebsite":"","_VenueAddress":"","_VenueCity":"","_VenueCountry":"","_VenueProvince":"","_VenueState":"","_VenueZip":"","_VenuePhone":"","_VenueURL":"","_VenueStateProvince":"","_VenueLat":"","_VenueLng":"","_VenueShowMap":false,"_VenueShowMapLink":false,"footnotes":""},"class_list":["post-255","page","type-page","status-publish","hentry"],"yoast_head":"<!-- This site is optimized with the Yoast SEO plugin v27.3 - https:\/\/yoast.com\/product\/yoast-seo-wordpress\/ -->\n<title>Brevet A et QPDD du 18 avril 2026 - Acromod\u00e8les44<\/title>\n<meta name=\"robots\" content=\"index, follow, max-snippet:-1, max-image-preview:large, max-video-preview:-1\" \/>\n<link rel=\"canonical\" href=\"https:\/\/new.acromodeles44.fr\/index.php\/passage-brevet-a-et-qpd-d\/\" \/>\n<meta property=\"og:locale\" content=\"fr_FR\" \/>\n<meta property=\"og:type\" content=\"article\" \/>\n<meta property=\"og:title\" content=\"Brevet A et QPDD du 18 avril 2026 - Acromod\u00e8les44\" \/>\n<meta property=\"og:description\" content=\"Acc\u00e8s r\u00e9serv\u00e9 aux inscrits uniquement, non ouvert au grand public. AcroMod\u00e8les44 lieu dit la Fournerie 44440 Teill\u00e9\" \/>\n<meta property=\"og:url\" content=\"https:\/\/new.acromodeles44.fr\/index.php\/passage-brevet-a-et-qpd-d\/\" \/>\n<meta property=\"og:site_name\" content=\"Acromod\u00e8les44\" \/>\n<meta property=\"article:modified_time\" content=\"2026-04-07T16:28:48+00:00\" \/>\n<meta property=\"og:image\" content=\"https:\/\/new.acromodeles44.fr\/wp-content\/uploads\/2026\/04\/Journee-de-qualification-en-aeromodelisme.png\" \/>\n\t<meta property=\"og:image:width\" content=\"1536\" \/>\n\t<meta property=\"og:image:height\" content=\"1024\" \/>\n\t<meta property=\"og:image:type\" content=\"image\/png\" \/>\n<meta name=\"twitter:card\" content=\"summary_large_image\" \/>\n<meta name=\"twitter:label1\" content=\"Dur\u00e9e de lecture estim\u00e9e\" \/>\n\t<meta name=\"twitter:data1\" content=\"1 minute\" \/>\n<script type=\"application\/ld+json\" class=\"yoast-schema-graph\">{\"@context\":\"https:\\\/\\\/schema.org\",\"@graph\":[{\"@type\":\"WebPage\",\"@id\":\"https:\\\/\\\/new.acromodeles44.fr\\\/index.php\\\/passage-brevet-a-et-qpd-d\\\/\",\"url\":\"https:\\\/\\\/new.acromodeles44.fr\\\/index.php\\\/passage-brevet-a-et-qpd-d\\\/\",\"name\":\"Brevet A et QPDD du 18 avril 2026 - Acromod\u00e8les44\",\"isPartOf\":{\"@id\":\"https:\\\/\\\/new.acromodeles44.fr\\\/#website\"},\"primaryImageOfPage\":{\"@id\":\"https:\\\/\\\/new.acromodeles44.fr\\\/index.php\\\/passage-brevet-a-et-qpd-d\\\/#primaryimage\"},\"image\":{\"@id\":\"https:\\\/\\\/new.acromodeles44.fr\\\/index.php\\\/passage-brevet-a-et-qpd-d\\\/#primaryimage\"},\"thumbnailUrl\":\"https:\\\/\\\/new.acromodeles44.fr\\\/wp-content\\\/uploads\\\/2026\\\/04\\\/Journee-de-qualification-en-aeromodelisme-1024x683.png\",\"datePublished\":\"2026-03-27T17:36:33+00:00\",\"dateModified\":\"2026-04-07T16:28:48+00:00\",\"breadcrumb\":{\"@id\":\"https:\\\/\\\/new.acromodeles44.fr\\\/index.php\\\/passage-brevet-a-et-qpd-d\\\/#breadcrumb\"},\"inLanguage\":\"fr-FR\",\"potentialAction\":[{\"@type\":\"ReadAction\",\"target\":[\"https:\\\/\\\/new.acromodeles44.fr\\\/index.php\\\/passage-brevet-a-et-qpd-d\\\/\"]}]},{\"@type\":\"ImageObject\",\"inLanguage\":\"fr-FR\",\"@id\":\"https:\\\/\\\/new.acromodeles44.fr\\\/index.php\\\/passage-brevet-a-et-qpd-d\\\/#primaryimage\",\"url\":\"https:\\\/\\\/new.acromodeles44.fr\\\/wp-content\\\/uploads\\\/2026\\\/04\\\/Journee-de-qualification-en-aeromodelisme.png\",\"contentUrl\":\"https:\\\/\\\/new.acromodeles44.fr\\\/wp-content\\\/uploads\\\/2026\\\/04\\\/Journee-de-qualification-en-aeromodelisme.png\",\"width\":1536,\"height\":1024},{\"@type\":\"BreadcrumbList\",\"@id\":\"https:\\\/\\\/new.acromodeles44.fr\\\/index.php\\\/passage-brevet-a-et-qpd-d\\\/#breadcrumb\",\"itemListElement\":[{\"@type\":\"ListItem\",\"position\":1,\"name\":\"Accueil\",\"item\":\"https:\\\/\\\/new.acromodeles44.fr\\\/\"},{\"@type\":\"ListItem\",\"position\":2,\"name\":\"Brevet A et QPDD du 18 avril 2026\"}]},{\"@type\":\"WebSite\",\"@id\":\"https:\\\/\\\/new.acromodeles44.fr\\\/#website\",\"url\":\"https:\\\/\\\/new.acromodeles44.fr\\\/\",\"name\":\"Acromod\u00e8les44\",\"description\":\"Club de mod\u00e9lisme en Loire Atlantique\",\"publisher\":{\"@id\":\"https:\\\/\\\/new.acromodeles44.fr\\\/#organization\"},\"potentialAction\":[{\"@type\":\"SearchAction\",\"target\":{\"@type\":\"EntryPoint\",\"urlTemplate\":\"https:\\\/\\\/new.acromodeles44.fr\\\/?s={search_term_string}\"},\"query-input\":{\"@type\":\"PropertyValueSpecification\",\"valueRequired\":true,\"valueName\":\"search_term_string\"}}],\"inLanguage\":\"fr-FR\"},{\"@type\":\"Organization\",\"@id\":\"https:\\\/\\\/new.acromodeles44.fr\\\/#organization\",\"name\":\"Acromod\u00e8les44\",\"url\":\"https:\\\/\\\/new.acromodeles44.fr\\\/\",\"logo\":{\"@type\":\"ImageObject\",\"inLanguage\":\"fr-FR\",\"@id\":\"https:\\\/\\\/new.acromodeles44.fr\\\/#\\\/schema\\\/logo\\\/image\\\/\",\"url\":\"https:\\\/\\\/new.acromodeles44.fr\\\/wp-content\\\/uploads\\\/2024\\\/11\\\/logo-AM44.png\",\"contentUrl\":\"https:\\\/\\\/new.acromodeles44.fr\\\/wp-content\\\/uploads\\\/2024\\\/11\\\/logo-AM44.png\",\"width\":500,\"height\":407,\"caption\":\"Acromod\u00e8les44\"},\"image\":{\"@id\":\"https:\\\/\\\/new.acromodeles44.fr\\\/#\\\/schema\\\/logo\\\/image\\\/\"}}]}<\/script>\n<!-- \/ Yoast SEO plugin. -->","yoast_head_json":{"title":"Brevet A et QPDD du 18 avril 2026 - Acromod\u00e8les44","robots":{"index":"index","follow":"follow","max-snippet":"max-snippet:-1","max-image-preview":"max-image-preview:large","max-video-preview":"max-video-preview:-1"},"canonical":"https:\/\/new.acromodeles44.fr\/index.php\/passage-brevet-a-et-qpd-d\/","og_locale":"fr_FR","og_type":"article","og_title":"Brevet A et QPDD du 18 avril 2026 - Acromod\u00e8les44","og_description":"Acc\u00e8s r\u00e9serv\u00e9 aux inscrits uniquement, non ouvert au grand public. AcroMod\u00e8les44 lieu dit la Fournerie 44440 Teill\u00e9","og_url":"https:\/\/new.acromodeles44.fr\/index.php\/passage-brevet-a-et-qpd-d\/","og_site_name":"Acromod\u00e8les44","article_modified_time":"2026-04-07T16:28:48+00:00","og_image":[{"width":1536,"height":1024,"url":"https:\/\/new.acromodeles44.fr\/wp-content\/uploads\/2026\/04\/Journee-de-qualification-en-aeromodelisme.png","type":"image\/png"}],"twitter_card":"summary_large_image","twitter_misc":{"Dur\u00e9e de lecture estim\u00e9e":"1 minute"},"schema":{"@context":"https:\/\/schema.org","@graph":[{"@type":"WebPage","@id":"https:\/\/new.acromodeles44.fr\/index.php\/passage-brevet-a-et-qpd-d\/","url":"https:\/\/new.acromodeles44.fr\/index.php\/passage-brevet-a-et-qpd-d\/","name":"Brevet A et QPDD du 18 avril 2026 - Acromod\u00e8les44","isPartOf":{"@id":"https:\/\/new.acromodeles44.fr\/#website"},"primaryImageOfPage":{"@id":"https:\/\/new.acromodeles44.fr\/index.php\/passage-brevet-a-et-qpd-d\/#primaryimage"},"image":{"@id":"https:\/\/new.acromodeles44.fr\/index.php\/passage-brevet-a-et-qpd-d\/#primaryimage"},"thumbnailUrl":"https:\/\/new.acromodeles44.fr\/wp-content\/uploads\/2026\/04\/Journee-de-qualification-en-aeromodelisme-1024x683.png","datePublished":"2026-03-27T17:36:33+00:00","dateModified":"2026-04-07T16:28:48+00:00","breadcrumb":{"@id":"https:\/\/new.acromodeles44.fr\/index.php\/passage-brevet-a-et-qpd-d\/#breadcrumb"},"inLanguage":"fr-FR","potentialAction":[{"@type":"ReadAction","target":["https:\/\/new.acromodeles44.fr\/index.php\/passage-brevet-a-et-qpd-d\/"]}]},{"@type":"ImageObject","inLanguage":"fr-FR","@id":"https:\/\/new.acromodeles44.fr\/index.php\/passage-brevet-a-et-qpd-d\/#primaryimage","url":"https:\/\/new.acromodeles44.fr\/wp-content\/uploads\/2026\/04\/Journee-de-qualification-en-aeromodelisme.png","contentUrl":"https:\/\/new.acromodeles44.fr\/wp-content\/uploads\/2026\/04\/Journee-de-qualification-en-aeromodelisme.png","width":1536,"height":1024},{"@type":"BreadcrumbList","@id":"https:\/\/new.acromodeles44.fr\/index.php\/passage-brevet-a-et-qpd-d\/#breadcrumb","itemListElement":[{"@type":"ListItem","position":1,"name":"Accueil","item":"https:\/\/new.acromodeles44.fr\/"},{"@type":"ListItem","position":2,"name":"Brevet A et QPDD du 18 avril 2026"}]},{"@type":"WebSite","@id":"https:\/\/new.acromodeles44.fr\/#website","url":"https:\/\/new.acromodeles44.fr\/","name":"Acromod\u00e8les44","description":"Club de mod\u00e9lisme en Loire Atlantique","publisher":{"@id":"https:\/\/new.acromodeles44.fr\/#organization"},"potentialAction":[{"@type":"SearchAction","target":{"@type":"EntryPoint","urlTemplate":"https:\/\/new.acromodeles44.fr\/?s={search_term_string}"},"query-input":{"@type":"PropertyValueSpecification","valueRequired":true,"valueName":"search_term_string"}}],"inLanguage":"fr-FR"},{"@type":"Organization","@id":"https:\/\/new.acromodeles44.fr\/#organization","name":"Acromod\u00e8les44","url":"https:\/\/new.acromodeles44.fr\/","logo":{"@type":"ImageObject","inLanguage":"fr-FR","@id":"https:\/\/new.acromodeles44.fr\/#\/schema\/logo\/image\/","url":"https:\/\/new.acromodeles44.fr\/wp-content\/uploads\/2024\/11\/logo-AM44.png","contentUrl":"https:\/\/new.acromodeles44.fr\/wp-content\/uploads\/2024\/11\/logo-AM44.png","width":500,"height":407,"caption":"Acromod\u00e8les44"},"image":{"@id":"https:\/\/new.acromodeles44.fr\/#\/schema\/logo\/image\/"}}]}},"_links":{"self":[{"href":"https:\/\/new.acromodeles44.fr\/index.php\/wp-json\/wp\/v2\/pages\/255","targetHints":{"allow":["GET"]}}],"collection":[{"href":"https:\/\/new.acromodeles44.fr\/index.php\/wp-json\/wp\/v2\/pages"}],"about":[{"href":"https:\/\/new.acromodeles44.fr\/index.php\/wp-json\/wp\/v2\/types\/page"}],"author":[{"embeddable":true,"href":"https:\/\/new.acromodeles44.fr\/index.php\/wp-json\/wp\/v2\/users\/1"}],"replies":[{"embeddable":true,"href":"https:\/\/new.acromodeles44.fr\/index.php\/wp-json\/wp\/v2\/comments?post=255"}],"version-history":[{"count":18,"href":"https:\/\/new.acromodeles44.fr\/index.php\/wp-json\/wp\/v2\/pages\/255\/revisions"}],"predecessor-version":[{"id":646,"href":"https:\/\/new.acromodeles44.fr\/index.php\/wp-json\/wp\/v2\/pages\/255\/revisions\/646"}],"wp:attachment":[{"href":"https:\/\/new.acromodeles44.fr\/index.php\/wp-json\/wp\/v2\/media?parent=255"}],"curies":[{"name":"wp","href":"https:\/\/api.w.org\/{rel}","templated":true}]}}